 of g and v.
4
Let j be (-4)/6 - (-1192)/6. Suppose 2990*k - 3094*k - 974 = -3262. Calculate the highest common divisor of j and k.
22
Let r(a) = 4*a - 10. Let l be r(8). Let d be (1 + -2)/(-14 + 164151/11726). What is the highest common divisor of d and l?
22
Let p(c) = 11*c**2 + c - 4. Suppose 10 = -3*z + z. Let y be p(z). What is the greatest common factor of 38 and y?
38
Let m(r) be the third derivative of r**5/20 + 3*r**4/8 + 19*r**3/2 - 2*r**2 + 75*r. Let q be m(-6). Calculate the highest common factor of q and 148.
37
Let w(d) = 2*d - 3. Let o be w(3). Let x(m) = -m**2 + 21*m - 89. Let c be x(23). Let v be -2 - (-64)/30 - 2007/c. What is the highest common divisor of o and v?
3
Suppose -4*o + 4*u + 22 = 10, 5*u = 3*o - 9. Suppose -4*p - 24 = 4*f, -p + 0*p = 3*f. Let t be (3 + -9)*p/6. What is the greatest common divisor of o and t?
3
Suppose 4*g + s - 89 = 0, -99 = 374*g - 378*g - 3*s. Calculate the greatest common divisor of g and 5208.
21
Let z = 156 + -148. Let u be z*(-85)/4*-4. Calculate the highest common factor of u and 40.
40
Let a be (30/(-45))/((-2)/15). Suppose 0 = a*u - 251 + 26. What is the greatest common factor of 27 and u?
9
Suppose 14*o - 70 = -28. Suppose -o*m = 2*v - 17, 4*v = -3*m + 9*v + 52. Let b = -19 + 34. What is the highest common factor of b and m?
3
Let b be -2 - (4 - (-3 + 15)). Let p = 20 - 11. What is the highest common divisor of p and b?
3
Suppose 2*p + g = 3*g + 24, 3*g + 24 = 2*p. Let q(v) = 36*v**2 + 67*v - 3. Let n be q(-3). Calculate the greatest common factor of n and p.
12
Let f(j) = -j + 2. Let q(s) = -3*s - 25. Let g be q(-6). Let v be f(g). What is the greatest common divisor of 1 and v?
1
Let n(s) = s + 11. Let j be n(-10). Let z(w) = w**3 + 10*w**2 + 6*w - 3. Let p be z(-9). Calculate the highest common divisor of j and p.
1
Let l(d) = -d**3 - 19*d**2 - 38*d + 4. Let j be l(-17). Suppose 78*u - j*u = 714. What is the highest common divisor of u and 17?
17
Let r = -169 + 524. Let b = -328 + r. Calculate the greatest common divisor of 1188 and b.
27
Let w(k) = -k**3 + 12*k**2 - 10*k + 172. Let z be w(10). Calculate the highest common divisor of z and 240.
16
Let m be (-6 - 114/(-18))/(11/15939). What is the highest common divisor of 2254 and m?
161
Suppose 36 = 4*f + 4*z - 32, -5*f + 4*z = -121. Let x(v) = -3*v - 29 + f*v + v**2 + 11*v. Let r be x(-31). Calculate the highest common divisor of 165 and r.
33
Let o(p) = 2*p**2 - 10*p - 58. Let s be o(-6). Let x = 1 + s. What is the highest common divisor of x and 525?
75
Suppose -5*q = 5*g - 82 - 8, -g - 4*q = -33. Let m be 2 - (0/(-1))/(-13 - -10). Calculate the greatest common divisor of g and m.
1
Suppose -4*c + 3*l + 4322 + 9973 = 0, l + 7145 = 2*c. What is the highest common divisor of c and 3?
3
Let p = 7859 - 7831. What is the greatest common factor of 388 and p?
4
Suppose 3*i - 39 = 2*u, -4*u = -16 + 4. Suppose 39*s - 34*s + i = 0. Let c be (s - -2)*(-3 - 37). Calculate the highest common divisor of c and 10.
10
Let u be -81*((-2)/(-24) - 21/28). Calculate the highest common factor of u and 5202.
18
Let d be (4 + -7 + (-243)/(-6))/(2/12). What is the highest common divisor of d and 216?
9
Suppose 80*k + 1067 = 91*k. Calculate the greatest common divisor of k and 3589.
97
Let y(p) = p**2 - 58*p - 528. Let g be y(72). What is the greatest common divisor of g and 15?
15
Let c(y) = 20*y - 118. Let h be c(8). Calculate the highest common factor of 1050 and h.
42
Let m(h) = -118*h**3 - 28*h**2 - 94*h + 14. Let w be m(-4). What is the greatest common divisor of w and 3?
3
Suppose 0 = 2*m - 12*m + 4400. Suppose -34*f - 4*d - m = -38*f, 2*f + 2*d - 212 = 0. What is the greatest common divisor of f and 36?
36
Suppose 4*x = 251*f - 252*f + 78, -4*f + 2*x + 222 = 0. What is the greatest common factor of 14094 and f?
58
Let y(j) = j**2 + 618*j + 61634. Let g be y(-125). Let p = 228 + -57. What is the greatest common factor of g and p?
9
Let l(j) = -8 + 70*j + 2 - 78*j. Let p be l(-2). Suppose 0 = -4*y - 5*s + 1125, p*y - 5*y - 1355 = 4*s. Calculate the greatest common factor of 25 and y.
25
Let o be (-34)/(-272) + (-2)/(-16)*81167. What is the highest common factor of 114 and o?
114
Let f = 696 - 150. Suppose 0 = -2*n - 74 + 158. Calculate the greatest common factor of f and n.
42
Let m(q) = 1481*q - 3979. Let t be m(3). What is the highest common factor of 3538 and t?
58
Let l(t) = -10*t + 2. Let s be l(-5). Suppose 71 = 8*h - 73. Suppose -5*f + 3*j + 142 = 0, 5*f - h = 4*f - 2*j. Calculate the greatest common factor of s and f.
26
Suppose -b + 132 = -2*n + 251, -5*n - 2*b + 284 = 0. Let v = 6 - -139. What is the greatest common factor of v and n?
29
Let x(h) = 18*h**2 + 70*h + 25. Let c be x(-4). What is the highest common divisor of 2574 and c?
33
Let f = 3108 + -2894. Calculate the greatest common factor of f and 2675.
107
Let t = -26 - -98. Suppose 0 = 15*l - 12*l - n + 13, -5*l - 2*n = 29. Let u be (t/l)/(27/(-180)). What is the greatest common divisor of 16 and u?
16
Suppose 9*y - 20 - 34 = 0. Let k be ((-15)/12)/(1/(-116)). Let w be 4 + (y - 3) + k. What is the greatest common divisor of w and 38?
38
Let z be (-3 + (-4)/8)/(168/(-144)). Suppose 5 = x - 0. Let q be x/3 + (-4)/6. Calculate the greatest common factor of z and q.
1
Let z be (-9 - 10 - 1)*((-438)/15 + 0). Calculate the greatest common factor of 3942 and z.
146
Suppose -26*y + 6 = -20*y. Let c be y + (-4)/3 - 23/(-69). Suppose v = 4*a - 2*v - 780, 3*a + 4*v - 610 = c. What is the greatest common divisor of 18 and a?
18
Let u = 95 + -47. What is the highest common factor of 272 and u?
16
Suppose 0 = 2*p + h - 10, 4*p - 22 = 2*p + 2*h. Suppose -112 = -p*f + 5*f. Let a = f + -46. Calculate the highest common divisor of 5 and a.
5
Let s(b) = -3*b**3 - 23*b**2 - 214*b + 20. Let f be s(-11). Calculate the greatest common factor of 28 and f.
28
Suppose 4167 + 558 = 75*z. Calculate the highest common factor of z and 141.
3
Suppose 90 = 5*j - 2*s - 221, 0 = 5*j + 3*s - 321. Suppose -5*l - p = -175, -3*l + p + 149 = l. Calculate the highest common factor of l and j.
9
Let w = 30694 + -11649. Calculate the highest common factor of w and 130.
65
Suppose -4*k = -5*z + 127, 29 + 8 = -k + 3*z. Let u = k + 30. Let h be u + 24*2*(-15)/(-20). Calculate the greatest common factor of 95 and h.
19
Suppose 11*g + 20*g = 41*g - 78750. What is the highest common factor of g and 210?
105
Let w = -899 + 2765. Calculate the highest common divisor of 6 and w.
6
Let d(a) = -19*a + 339. Let r(k) = 20*k - 338. Let j(y) = 5*d(y) + 4*r(y). Let o be j(6). Calculate the highest common factor of o and 23.
23
Suppose 48771 + 7852 - 127 = 132*l. What is the highest common divisor of 5671 and l?
107
Suppose -4*x + 36 = 13*p - 12*p, 2*x + 4*p - 32 = 0. Suppose 4*i = x, u - 4*i + 62 = 3*u. What is the highest common factor of 54 and u?
27
Let f be (-10)/25 + 1026/15. Suppose 2*z - 429 = -9*z. Suppose -2*n + z - 31 = 0. Calculate the greatest common factor of n and f.
4
Let b = -35 + 44. Suppose -f - b = 23. Let z = 168 + f. Calculate the highest common factor of z and 17.
17
Let k be (231 - (-3 + 11)) + -7. What is the greatest common factor of 378 and k?
54
Let r = 56 - 14. Suppose -x - x + r = 0. Suppose -4*a = -2*h + 458, -3*h = -34*a + 32*a - 691. Calculate the highest common divisor of x and h.
21
Suppose -3119*w + 3117*w = -19688. Calculate the highest common divisor of 92 and w.
92
Suppose -2367 = -6*l + 2*l - 3*u, 3*u = -5*l + 2955. Suppose 0*j + l = 7*j. Suppose 2*z = 14 + 10. Calculate the highest common divisor of z and j.
12
Let r = -226 - -258. Suppose -r*h + 31*h = -15. Calculate the highest common factor of h and 1095.
15
Let h(b) = -3*b**3 + 80*b**2 + 31*b - 70. Let i be h(27). What is the highest common divisor of i and 5966?
38
Suppose -o + 3*r = 5, -15 = -4*r + r. Let l be 56/o - (-3 - 78/(-30)). Suppose -l*b + 92 = -52. What is the highest common factor of b and 96?
24
Let a be 326 - (-22 - -20 - 2). What is the highest common divisor of 5170 and a?
110
Let k = -5510 + 5572. Calculate the greatest common divisor of k and 961.
31
Let c be -34 - -1 - (1 - (0 + 4)). Let k = 56 + c. What is the greatest common divisor of k and 2?
2
Suppose -4*u = 4*n - 1636, 125*u = -4*n + 126*u + 1616. Calculate the gr